43
What are the prime factors of 117371940?
2, 3, 5, 7, 43, 67, 97
List the prime factors of 1011235340.
2, 5, 50561767
What are the prime factors of 127899107?
7, 433, 42197
List the prime factors of 1170909307.
29, 43, 938981
What are the prime factors of 374495048?
2, 457, 102433
List the prime factors of 45847593.
3, 11, 154369
What are the prime factors of 57259491?
3, 307, 62171
List the prime factors of 177089824.
2, 41, 43, 73
List the prime factors of 702884029.
61, 2969, 3881
What are the prime factors of 671534950?
2, 5, 13430699
What are the prime factors of 180950011?
11, 137, 167, 719
What are the prime factors of 41818868?
2, 7, 13, 131, 877
List the prime factors of 79845917.
83, 401, 2399
List the prime factors of 1275701591.
19, 853, 78713
List the prime factors of 5259777333.
3, 23, 76228657
List the prime factors of 345523604.
2, 86380901
List the prime factors of 305367890.
2, 5, 883, 34583
What are the prime factors of 45226918?
2, 11, 2055769
What are the prime factors of 94344877?
11, 8576807
What are the prime factors of 910226970?
2, 3, 5, 83, 4513
What are the prime factors of 22978228?
2, 7, 13, 63127
List the prime factors of 1320758717.
43, 30715319
List the prime factors of 636584959.
61, 171079
What are the prime factors of 1340933255?
5, 9337, 28723
What are the prime factors of 1737045802?
2, 43, 127, 157, 1013
List the prime factors of 2383280433.
3, 331, 2417
List the prime factors of 299946974.
2, 113, 1327199
What are the prime factors of 2171321410?
2, 5, 193, 881, 1277
List the prime factors of 1646343829.
13, 1123, 112771
List the prime factors of 1396874268.
2, 3, 12934021
What are the prime factors of 221100007?
181, 587, 2081
List the prime factors of 52845362.
2, 761, 34721
What are the prime factors of 5044682456?
2, 11, 67, 439, 1949
What are the prime factors of 21739975?
5, 869599
List the prime factors of 14940462.
2, 3, 307, 8111
What are the prime factors of 45579381?
3, 101, 150427
What are the prime factors of 349692186?
2, 3, 131, 444901
List the prime factors of 41056715.
5, 7, 53, 22133
List the prime factors of 3827008.
2, 59797
What are the prime factors of 36608398?
2, 67, 229, 1193
What are the prime factors of 50977302?
2, 3, 29, 292973
List the prime factors of 2157046694.
2, 11, 173, 439, 1291
What are the prime factors of 1967500908?
2, 3, 631, 28871
List the prime factors of 351245085.
3, 5, 991, 23629
What are the prime factors of 3804999011?
11, 345909001
List the prime factors of 79001409.
3, 491, 53633
List the prime factors of 1793736508.
2, 31, 14465617
What are the prime factors of 1027252214?
2, 19, 101, 14087
What are the prime factors of 963412483?
11, 87582953
What are the prime factors of 55643447?
73, 762239
List the prime factors of 74756520.
2, 3, 5, 7691
What are the prime factors of 1126806085?
5, 1931, 116707
List the prime factors of 3569482827.
3, 5471, 72493
List the prime factors of 14683960.
2, 5, 19, 139
List the prime factors of 125289005.
5, 677, 37013
List the prime factors of 164709105.
3, 5, 11, 998237
List the prime factors of 236360050.
2, 5, 4727201
List the prime factors of 570569831.
13, 43889987
List the prime factors of 3365424464.
2, 210339029
List the prime factors of 946081409.
7, 13, 179, 241
What are the prime factors of 140477305?
5, 29, 968809
What are the prime factors of 48838340?
2, 5, 461, 5297
What are the prime factors of 120160842?
2, 3, 167, 119921
List the prime factors of 2554902306.
2, 3, 11, 1723, 7489
List the prime factors of 160511003.
160511003
What are the prime factors of 94010270?
2, 5, 9401027
List the prime factors of 299660085.
3, 5, 6659113
What are the prime factors of 807286558?
2, 13, 43, 349, 2069
List the prime factors of 110594433.
3, 1987, 18553
What are the prime factors of 110993995?
5, 7, 3171257
List the prime factors of 207817665.
3, 5, 11, 163, 7727
List the prime factors of 46603337.
11, 89, 181, 263
What are the prime factors of 144259348?
2, 17, 2121461
List the prime factors of 104943368.
2, 13117921
List the prime factors of 1136448779.
463, 2454533
List the prime factors of 139904579.
139904579
What are the prime factors of 686000712?
2, 3, 373, 76631
List the prime factors of 2480197615.
5, 7, 2521, 28109
List the prime factors of 12837859.
83, 137, 1129
What are the prime factors of 200491196?
2, 601, 83399
List the prime factors of 118294990.
2, 5, 11, 1075409
List the prime factors of 20839386.
2, 3, 941, 3691
What are the prime factors of 1129361517?
3, 139, 902767
What are the prime factors of 222243560?
2, 5, 7, 11, 59, 1223
What are the prime factors of 58692985?
5, 13, 167, 5407
List the prime factors of 276986562.
2, 3, 23, 2007149
List the prime factors of 34147206.
2, 3, 199, 9533
List the prime factors of 91357404.
2, 3, 71, 107227
What are the prime factors of 1356212578?
2, 7, 37, 1327, 1973
What are the prime factors of 59230896?
2, 3, 41, 30097
What are the prime factors of 4205517901?
13, 6361, 50857
What are the prime factors of 1261579894?
2, 17, 37105291
What are the prime factors of 579515421?
3, 1997, 96731
List the prime factors of 5902656402.
2, 3, 983776067
What are the prime factors of 1240025371?
13, 95386567
List the prime factors of 1775512551.
3, 19, 31149343
What are the prime factors of 534833665?
5, 61, 1753553
List the prime factors of 263473802.
2, 523, 251887
List the prime factors of 4737110.
2, 5, 7, 31, 37, 59
What are the prime factors of 100843555?
5, 20168711
List the prime factors of 252024585.
3, 5, 3361, 4999
What are the prime factors of 371630398?
2, 185815199
What are the prime factors of 358845119?
31, 1579, 7331
What are the prime factors of 4375554150?
2, 3, 5, 11, 419, 6329
List the prime factors of 50635792.
2, 17, 186161
What are the prime factors of 328144309?
29, 43, 359, 733
What are the prime factors of 232520804?
2, 163, 503, 709
What are the prime factors of 522081307?
11, 607, 78191
List the prime factors of 369160227.
3, 29, 59, 61, 131
List the prime factors of 393691839.
3, 79, 101, 16447
What are the prime factors of 6822695?
5, 11, 17, 7297
What are the prime factors of 10567634?
2, 7, 11, 9803
List the prime factors of 1800237396.
2, 3, 150019783
List the prime factors of 982819658.
2, 491409829
List the prime factors of 1584558812.
2, 396139703
List the prime factors of 972769575.
3, 5, 47, 275963
What are the prime factors of 430903524?
2, 3, 73, 491899
What are the prime factors of 75004957?
37, 2027161
What are the prime factors of 94350813?
3, 31450271
List the prime factors of 32895562.
2, 7, 335669
List the prime factors of 329736352.
2, 11, 17, 55103
What are the prime factors of 709074482?
2, 354537241
List the prime factors of 2484148513.
7, 11, 31, 37, 2557
What are the prime factors of 655829240?
2, 5, 11, 151, 9871
What are the prime factors of 155183707?
7, 47, 471683
What are the prime factors of 13334528?
2, 17, 383
List the prime factors of 30029756.
2, 179, 41941
What are the prime factors of 35916367?
401, 89567
List the prime factors of 3534193004.
2, 883548251
What are the prime factors of 2469172361?
17, 59, 179, 809
What are the prime factors of 1150903794?
2, 3, 397, 483167
List the prime factors of 7879854.
2, 3, 83, 15823
What are the prime factors of 1065153672?
2, 3, 11, 67, 6691
What are the prime factors of 125223584?
2, 3913237
List the prime factors of 27276669.
3, 7, 73, 659
What are the prime factors of 114735633?
3, 73, 523907
What are the prime factors of 48386564?
2, 179, 67579
List the prime factors of 137918759.
11, 43, 6781
List the prime factors of 333383002.
2, 79, 2110019
List the prime factors of 5744469690.
2, 3, 5, 19, 733, 4583
What are the prime factors of 532504070?
2, 5, 7, 19, 8171
List the prime factors of 4843280595.
3, 5, 19, 41, 414487
What are the prime factors of 28422982?
2, 7, 2030213
List the prime factors of 35286706.
2, 7, 13, 193883
What are the prime factors of 1885342013?
19, 99228527
What are the prime factors of 3682516237?
3682516237
List the prime factors of 43084145.
5, 13, 662833
List the prime factors of 99481870.
2, 5, 2029, 4903
What are the prime factors of 265989937?
2683, 99139
What are the prime factors of 49096787?
49096787
List the prime factors